).
3467
Let t(g) = -78*g**2 - 15*g - 100. Determine t(0).
-100
Let n(r) = -37*r**2 + 4654*r - 9166. What is n(2)?
-6
Let p(f) = -4794*f + 43174. Determine p(9).
28
Let c(h) = h**3 - 275*h**2 - 17*h + 79742. Give c(274).
8
Let q(k) = 108*k**2 - 8967*k + 255. Calculate q(83).
6
Let m(s) = s**3 + 49*s**2 - 852*s - 71. Give m(-63).
-1961
Let f(m) = -21205*m - 15776524. Give f(-744).
-4
Let j(m) = -215974*m + 6047234. Give j(28).
-38
Let v(f) = 3*f**3 - f**2 + 13*f + 46. Give v(-4).
-214
Let m(a) = 3*a**2 + 11499*a - 312610. Determine m(27).
50
Let a(m) = 32868*m + 15349361. What is a(-467)?
5
Let d(m) = -m**3 + 11*m**2 + 129*m - 1028. What is d(16)?
-244
Let i(q) = 162*q + 56495. Calculate i(-364).
-2473
Let q(i) = -27207*i - 135997. Give q(-5).
38
Let i(m) = 5*m**2 + 5743*m + 1640987. What is i(-534)?
5
Let h(s) = 243*s**2 + 281*s + 85. Determine h(-1).
47
Let z(b) = -1111*b - 38453. Calculate z(-35).
432
Let j(s) = 935*s - 14026. What is j(15)?
-1
Let j(f) = 1660*f**2 + 26*f + 30. Calculate j(-1).
1664
Let q(i) = i**3 - 20*i**2 - 889*i + 7728. Give q(8).
-152
Let m(i) = 30088*i - 73. What is m(0)?
-73
Let u(q) = q**3 + 48*q**2 + 58*q - 3480. Determine u(-45).
-15
Let s(l) = l**2 - 225*l - 1385. Give s(226).
-1159
Let n(j) = -96*j**2 + 244*j + 3038. Give n(7).
42
Let p(b) = -129*b**2 - 304*b + 3. Calculate p(2).
-1121
Let p(l) = 202174*l - 3234764. Give p(16).
20
Let g(t) = -221*t + 87606. Give g(396).
90
Let t(j) = -j**3 + 239*j**2 + 150172*j + 6289. Calculate t(-286).
-3
Let p(f) = 21803*f - 25945576. Calculate p(1190).
-6
Let g(d) = 8339*d - 608752. What is g(73)?
-5
Let s(u) = -u**3 + 34*u**2 - 309240*u + 10514167. Determine s(34).
7
Let j(h) = 1046*h - 20939. Determine j(21).
1027
Let o(r) = 187*r**2 - 31791*r + 179. Determine o(170).
9
Let u(j) = 25*j**3 - 3914*j**2 - 1734*j + 1098. Determine u(157).
-1
Let t(v) = -8*v**2 - 5927*v + 48684. Calculate t(-749).
-1
Let u(d) = 3582*d**2 + 390496*d + 6318. Calculate u(-109).
-4
Let n(o) = 3*o**3 - 64*o**2 - 1024*o + 21538. Calculate n(22).
-22
Let w(x) = -x**3 + 940*x**2 - 38621*x + 44847. Give w(897).
-3
Let z(b) = 2*b**3 + 18*b**2 - 184*b - 1635. Give z(-11).
-95
Let r(w) = w**3 + 10*w**2 + 10*w + 26. Determine r(-8).
74
Let t(g) = -20*g**2 - 229*g + 4640. What is t(-22)?
-2
Let n(w) = w**3 + 6*w**2 - 6551*w + 186. Give n(-84).
102
Let m(k) = k**3 + 330*k**2 + 1016*k + 11478. Calculate m(-327).
33
Let a(p) = 19*p**2 - 34*p - 387. Determine a(-10).
1853
Let b(t) = 2036*t - 24392. Give b(12).
40
Let m(l) = 326*l + 14376. Calculate m(-44).
32
Let f(u) = -23*u**2 - 318*u + 4192. Give f(-23).
-661
Let w(g) = -235*g**2 + 2567*g + 296. What is w(11)?
98
Let v(d) = d**3 + 122*d**2 - 627*d - 723. Calculate v(-127).
-1739
Let u(w) = -73*w + 122. Calculate u(4).
-170
Let g(s) = -7014*s + 27719. Calculate g(4).
-337
Let h(l) = -8*l**2 - 3373*l - 34930. What is h(-411)?
5
Let g(v) = v**3 + 9*v**2 - 74*v - 239. What is g(7)?
27
Let p(a) = a**3 - 46*a**2 - 278*a - 11. Give p(51).
-1184
Let h(z) = -z**3 - 71*z**2 - 955*z + 210. Give h(-53).
263
Let r(m) = -m**3 - 83*m**2 - 386*m - 11814. Determine r(-80).
-134
Let r(c) = -8*c**2 - 5091*c - 25278. Calculate r(-5).
-23
Let f(c) = 3*c**3 - 212*c**2 + 543*c + 13. Give f(68).
-55
Let y(u) = 146*u - 53356. Give y(371).
810
Let t(k) = -469*k - 7946. Calculate t(-16).
-442
Let u(p) = p**3 + 309*p**2 - 17545*p - 1070. Determine u(-358).
4
Let z(d) = -55237*d - 14030178. Give z(-254).
20
Let k(u) = -3*u**2 - 22*u + 191. What is k(-15)?
-154
Let t(j) = -j**3 + 2*j**2 + 101*j - 177. Determine t(-7).
-443
Let h(r) = 12729*r + 203685. Determine h(-16).
21
Let q(o) = o**3 + 466*o**2 + 8217*o + 68551. What is q(-448)?
7
Let o(q) = -q**3 + 257*q**2 - 3905*q + 757. Determine o(16).
-27
Let v(f) = -10*f**2 + 234*f + 29. Determine v(11).
1393
Let v(c) = -268*c + 7087. Determine v(27).
-149
Let a(u) = 20205*u + 2081091. Determine a(-103).
-24
Let h(k) = k**3 - 76*k**2 - 773*k + 92192. Give h(67).
0
Let r(w) = -6*w**2 - 584*w - 800. Give r(-97).
-606
Let w(d) = -693*d + 460836. Give w(665).
-9
Let t(n) = -3*n**2 + 21615*n - 795652. What is t(37)?
-4
Let t(v) = 1470*v + 117612. What is t(-80)?
12
Let a(u) = -2*u**3 + 269*u**2 - 5214*u - 365. Give a(111).
-32
Let y(a) = -5*a**3 + 238*a**2 - 1160*a - 22. Calculate y(5).
-497
Let t(u) = -u**3 + 25*u**2 - 79*u + 4081. Determine t(28).
-483
Let h(j) = j**3 - 32*j**2 - 2878*j - 220. Determine h(72).
-76
Let j(p) = -p**2 + 340*p + 14845. What is j(-39)?
64
Let q(p) = -82*p + 3811. Calculate q(44).
203
Let a(i) = -245*i**2 - 81824*i + 1963. Determine a(-334).
-41
Let s(o) = -2*o**2 - 87*o + 1122. What is s(-52)?
238
Let k(f) = 37*f**3 - 1109*f**2 + 14*f - 1415. What is k(30)?
-95
Let r(f) = 13109*f - 104403. Calculate r(8).
469
Let h(t) = -55665*t - 1781259. What is h(-32)?
21
Let h(j) = -265*j + 1241. Calculate h(5).
-84
Let a(i) = 347344*i - 2431410. Calculate a(7).
-2
Let o(u) = -3292*u - 33679. What is o(-11)?
2533
Let a(v) = -69*v**2 - 1944*v - 195. Give a(-28).
141
Let y(r) = -5*r**3 - r**2 + 1411*r - 2820. Determine y(2).
-42
Let j(p) = 576*p**3 + 54*p**2 - 47*p - 7. Determine j(1).
576
Let y(d) = -98*d**2 + 5583*d + 124. Determine y(57).
-47
Let h(n) = -n**2 - 1156*n - 22723. Give h(-20).
-3
Let h(o) = -602*o - 3554. Calculate h(-6).
58
Let q(s) = -32*s**2 - 2273*s + 2255. Determine q(-72).
23
Let l(m) = -9948*m + 19674. What is l(2)?
-222
Let f(d) = d**3 + 47*d**2 - 381*d - 24738. What is f(-42)?
84
Let l(g) = 5288*g - 10660. Determine l(2).
-84
Let a(h) = -h**3 + 92*h**2 + 142*h + 13850. Calculate a(95).
265
Let n(p) = -173*p**2 + 31138*p + 267. Calculate n(180).
-93
Let k(b) = -20*b**2 + 60085*b + 180277. What is k(-3)?
-158
Let b(h) = -27*h**2 - 141. What is b(4)?
-573
Let q(c) = 111*c**3 - 15*c**2 + 43*c - 32. Give q(1).
107
Let g(j) = -7042*j + 42218. Determine g(6).
-34
Let a(x) = x**3 + 29*x**2 + 293*x - 75. Calculate a(-14).
-1237
Let t(u) = u**3 + 183*u**2 - 651*u + 19534. Give t(-187).
1395
Let k(r) = -3*r**3 - 50*r**2 + 97*r + 1354. Give k(-17).
-6
Let v(q) = -4*q**3 + 559*q**2 + 71*q + 9645. Give v(140).
-15
Let j(a) = -36*a**3 + 4*a**2 - 13*a + 1. Give j(4).
-2291
Let k(l) = 15*l**3 + 48*l + 1. What is k(0)?
1
Let w(n) = 1264*n + 5585. What is w(-5)?
-735
Let w(d) = -168*d - 3195. Determine w(-19).
-3
Let l(k) = 12431*k - 460024. Determine l(37).
-77
Let h(q) = -2*q**2 - 624*q - 46388. What is h(-87)?
-7238
Let s(x) = -x**3 - 14*x**2 - 4289*x - 64538. Give s(-15).
22
Let c(p) = 1214*p + 192738. Calculate c(-159).
-288
Let f(m) = -m**3 - 566*m**2 + 941*m - 110841. Calculate f(-568).
-81
Let z(t) = -9*t**3 + 226*t**2 - 94*t + 1901. Calculate z(25).
176
Let o(x) = -14600*x - 584058. Give o(-40).
-58
Let v(p) = -27761*p - 6107435. Determine v(-220).
-15
Let v(s) = 53*s**2 - 465*s - 1400. Calculate v(-3).
472
Let x(u) = -u**2 - 5231*u + 20947. What is x(4)?
7
Let x(u) = -u**3 + 89*u**2 - 647*u - 3332. Calculate x(12).
-8
Let p(u) = -1350*u**2 + 12130*u + 171. Give p(9).
-9
Let g(a) = 2*a**3 - 14*a**2 + 307*a - 3663. What is g(10)?
7
Let i(w) = -859*w**3 + 24054*w**2 - 58*w + 42. What is i(28)?
-14
Let i(w) = -w**2 - 56*w + 23919. Determine i(128).
367
Let v(b) = 3019*b + 69097. Calculate v(-23).
-340
Let h(u) = -1442*u + 28661. Determine h(21).
-1621
Let d(o) = 574*o - 160818. Calculate d(280).
-98
Let z(q) = 2*q**3 + 113*q**2 - 51*q + 330. Determine z(-57).
-12
Let j(n) = 2*n**3 + 18*n**2 - 639*n + 2769. Determine j(9).
-66
Let t(g) = g**3 - 16*g**2 + 10*g + 153. What is t(3)?
66
Let s(b) = -3*b**3 - 545*b**2 - 548*b - 33660. What is s(-181)?
6
Let d(f) = -76963*f - 1154463. Give d(-15).
-18
Let l(b) = -b**2 - 3340*b - 39907. What is l(-12)?
29
Let n(r) = 9944*r - 1153506. Determine n(116).
-2
Let l(j) = -33*j**2 + 345*j - 639. Determine l(8).
9
Let x(b) = -325*b**2 + 367*b - 38. Give x(1).
4
Let w(j) = 2*j**3 - 33*j**2 - 644*j - 237. What is w(28)?
-237
Let w(b) = -9*b**3 - 82*b**2 + 463*b + 4240. What is w(-9)?
-8
Let m(c) = 10505*c + 661834. What is m(-63)?
19
Let w(i) = -3*i**2 - 108*i + 6239. What is w(31)?
8
Let c(o) = 11*o**3 + 1177*o**2 - 4*o - 429. Give c(-107).
-1
Let q(u) = 172984*u + 2421769. Calculate q(-14).
-7
Let m(u) = -u**3 + 105*u**2 - 192*u - 1457. What is m(103)?
-15
Let u(l) = -3956*l + 340378. C